 - 2 - s = 4*l. Calculate g(l).
-3
Let c = -1 + 2. Let d(x) = x + c + 1 + 3*x. What is d(-2)?
-6
Let s(v) = 2*v**3 - 2*v**2 + 7*v + 6. Let h(o) = 3*o**3 - o**2 + 7*o + 6. Suppose 13 = -2*l - 5*t - 13, 0 = 5*t + 20. Let c(g) = l*h(g) + 4*s(g). Give c(-6).
0
Let x(q) be the third derivative of q**6/120 + q**5/20 - 5*q**4/24 + q**3/2 + 6*q**2. What is x(-4)?
7
Let q(c) = c**3 - 4*c**2 - c. Let k be 3 + (0 - (-1 - -6)). Let n = 6 + k. Give q(n).
-4
Let y be 5/(-4) - 6/8. Let w = y - 0. Let m(t) = 6*t - 2. What is m(w)?
-14
Suppose u + 3*b = -3, -2*u + 4*b = b + 6. Let s(r) = -r**2 - 3*r - 3. What is s(u)?
-3
Let i(b) be the third derivative of b**5/60 - b**4/3 + 4*b**3/3 - 3*b**2. Determine i(6).
-4
Let q = 5 + -3. Let x(l) = -2*l - 3*l + 0*l**2 + 2*l**q - 1 + l**3 + l**2. Calculate x(-4).
3
Let q(a) = 2*a + 2. Let l(u) = u + 1. Let z(m) = 9*l(m) - 4*q(m). Give z(-5).
-4
Suppose -5*x - 1 = p - 10, 5*x - 8 = -2*p. Let d(n) be the first derivative of -n**2/2 + 2*n - 10. Determine d(x).
0
Let z(f) = f + 4. Let r be z(6). Suppose 0 = -2*o + 3*o - d - 4, 4*o - 2*d = r. Let i(x) = -2 - o + 7 - 3*x. Calculate i(3).
-5
Let y(f) be the third derivative of -f**5/60 + f**4/6 - f**3/2 + 8*f**2 - 2*f. Give y(8).
-35
Let u(q) = 46 - 52 + 6*q - 7*q. Determine u(-4).
-2
Let l(c) = c**2. Let g be (-11)/44 - 9/(-4). Calculate l(g).
4
Let v(m) = -2*m + 7. Let z be v(2). Let b(q) = -q + 1. Let n(r) = 3*r - 1. Let g(o) = -2*b(o) - n(o). What is g(z)?
-4
Let g(z) = z**2 + 5*z - 6. Let v be g(-7). Suppose v = -2*o - n - 4, 23 = -5*o + n. Let x(b) = b**3 + 4*b**2 - 7*b - 5. Calculate x(o).
5
Let u(p) be the first derivative of 7*p + 1/2*p**2 - 1. Determine u(-5).
2
Let k(l) be the third derivative of -4*l**5/15 - l**4/12 - l**3/6 + 49*l**2. What is k(-1)?
-15
Let z(n) = -3*n**2 - n + 2. Let q be z(1). Let t(l) = 4*l + 2. Give t(q).
-6
Let t(w) be the second derivative of -w**5/20 + w**4/3 - 2*w**3/3 + 3*w**2/2 + 12*w. Give t(2).
3
Suppose -i + 3*b - 5 = 4*i, -2*i + 4*b = 2. Let h be i*0/(8/(-4)). Let d(u) = u**2 + u + 0 + 2 - 9. Determine d(h).
-7
Let x = 2 - -4. Suppose 0 = -t - 2*l - 6, -t - x = 3*l + 4. Let d(p) = -2 + 4*p**t - 2*p + 0*p**2 - p**2 - 2*p**2. Give d(3).
1
Suppose 5*c + 5 + 8 = -2*h, -2*h = -2*c + 6. Let x(o) = o**3 + o**2 + o - 1. Let t(z) = 2*z**3 + z**2 + 2. Let g(q) = c*x(q) + t(q). Give g(0).
3
Let v(w) = w**2 - 9*w + 10. Suppose 6 = 6*f - 42. Give v(f).
2
Let i(o) = -2 - 4*o**2 + 3*o**2 + 4*o + 8. Suppose -2*c + 10 = -0. Determine i(c).
1
Let z(t) be the third derivative of -t**5/60 - t**4/12 + t**3/6 + 15*t**2. Suppose -g + 4*g + 5*n + 14 = 0, 2*n = -5*g - 17. What is z(g)?
-2
Let n be 16/10 + (-6)/(-15). Let f(o) = -8*o**2 - 2. Let k be f(n). Let s(r) = 23*r + 11. Let t(w) = 4*w + 2. Let p(y) = k*t(y) + 6*s(y). Give p(-2).
-6
Let m(g) = -12*g**2 - 4*g - 1 + 0*g**2 + 2*g. Suppose -1 - 2 = 3*j. What is m(j)?
-11
Let o = 6 + -1. Suppose o*h = -0*h. Let x(t) = -t - 1. Determine x(h).
-1
Let o(f) = -3*f**2 - 8*f - 5. Let x(y) = 5*y**2 + 12*y + 8. Let w(m) = 8*o(m) + 5*x(m). Let v be (2 + -3)*-1 + -3. Let p be (v/2)/((-1)/3). Determine w(p).
-3
Let h(z) = -2*z + 24. Let y(x) = -x + 12. Let b(j) = -2*h(j) + 5*y(j). Suppose -5*i + 40 = 5*n - 0*i, -3*n = -2*i - 9. Calculate b(n).
7
Let s(b) be the third derivative of -b**4/12 + 5*b**3/6 - b**2. Suppose 3*o + 13 = 4. Let p be (-4)/(-2) - 0 - o. Calculate s(p).
-5
Let r(m) = -5 - 1 + m + 2. What is r(6)?
2
Let r(o) be the second derivative of -1/12*o**4 + 1/2*o**2 - 1/6*o**3 - 2*o + 0. Calculate r(-1).
1
Suppose -s + 2*t - 1 = 5, 0 = s - 4*t + 16. Let z be (s/6)/((-12)/(-18)). Let f(p) be the first derivative of -p**2 + p - 2. Give f(z).
-1
Let q be ((-9)/(-3))/(9/6). Let w(v) = -7 + 7 - 2*v**2 + 3 + 3*v**q - 3*v. Give w(3).
3
Let b(a) be the third derivative of a**5/60 + a**4/24 - 2*a**3 + 15*a**2. Give b(0).
-12
Let g(m) = -m**3 - 5*m**2 + m - 6. Let b be (-2)/(-5) + 351/(-65). Calculate g(b).
-11
Let o(u) be the second derivative of -1/3*u**3 - 4*u + 2*u**2 - 1/20*u**5 + 0 - 5/12*u**4. Give o(-4).
-4
Let l(z) = z**3 - 6*z**2 - 9*z + 10. Let y be l(7). Let b(j) = 0 - j + 2 + 0*j. What is b(y)?
6
Let r(k) = 5 + 35*k - k**2 + 2*k**2 - 26*k. What is r(-7)?
-9
Let g(s) be the second derivative of -s**5/20 + s**4/2 + s**3/6 - 3*s. Let v be g(6). Let p(y) = -4*y + 5*y - 2 + v - 1. What is p(0)?
3
Let i(q) = q**2 - 3*q + 6. Let l(a) = 3*a**2 - 5*a + 13. Let w(k) = 5*i(k) - 2*l(k). Let y be w(-5). Let v(d) = 2*d - 2. Determine v(y).
6
Let q(k) be the first derivative of 5*k**2/2 + 3. Give q(1).
5
Let z(l) = 2*l - 6. Suppose -4*x = f - 5*x + 1, 4*x = -3*f - 24. Let d(p) = -p**3 - 3*p**2 + 3*p. Let b be d(f). Determine z(b).
2
Let a(z) = 4*z - 6 + 2*z**2 + 1 + 2 - 5*z**3 + z**3. Let w(l) = -9*l**3 + 4*l**2 + 8*l - 6. Let y(x) = -7*a(x) + 3*w(x). Determine y(3).
0
Let m(w) = 2*w**3 - 8*w**2 + 2*w + 2. Let l(v) = v**3 - 8*v**2 + 2*v + 3. Let b(z) = 3*l(z) - 2*m(z). Determine b(-8).
-11
Let h(j) = -j - 2. Let l(r) = -r - 3. Let y(a) = 3*h(a) - 2*l(a). Calculate y(5).
-5
Let j(r) = 12 - 13 + 13 + 0*r - r. Give j(6).
6
Let t(u) = -u**2 - 10*u - 7. Let p be t(-9). Let o(y) = 2*y**2 + 4 - 3*y - 3*y**2 + y**3 - 6*y**p + 4*y**2. Give o(4).
8
Suppose 2 = -2*x + 3*x. Suppose 0 = 2*s + 4, -2*s - 3*s - 8 = x*u. Let q(r) = -3*r**3 + 2*r**2 - 1. Determine q(u).
-2
Let i(t) = 7*t**3 + 10*t**2 - 10*t - 7. Let j(r) = -6*r**3 - 9*r**2 + 9*r + 6. Let q(m) = -5*i(m) - 6*j(m). Suppose 2*h + 11 = 1. What is q(h)?
-6
Let q(l) = 2*l + 1. Let i(h) = h**2 + 4*h + 7. Let g be i(-3). Give q(g).
9
Let s(k) = k**2 - k. Let b(n) = -5*n**2 + 2*n + 1. Let y(l) = -b(l) - 6*s(l). Suppose -4*f = f - 5. Let j be f*(3 - 2)*2. Give y(j).
3
Let n(c) = -c**2 + 3*c + 2. Suppose -4*b + 2*f + 44 = b, -28 = -3*b + 2*f. Let u be (b/(-20))/1*-5. Calculate n(u).
4
Let y(a) = -2*a**3 + 3*a**2 - 2. Let i be 0/(-1 + -1 - -3). Let h be i + (-3 - -3) + 2. Determine y(h).
-6
Let g(o) be the third derivative of -o**4/24 + o**3/6 + 4*o**2. What is g(-7)?
8
Let c(k) = -1 - 3*k + 0*k + 4*k + 2*k**2 + k**3. Let y be (2/5)/((-3)/15). Give c(y).
-3
Let r(i) be the third derivative of -i**6/12 - 4*i**2. Calculate r(1).
-10
Let s(x) = x**2 + 4*x + 1. Let f be s(-4). Let c(z) = -z - 2*z + 0 - f. Let l = -22 - -24. Determine c(l).
-7
Let c(g) = -3*g + 4. Suppose -14 + 2 = 4*a. Let l be a*(0 + 4/(-3)). Calculate c(l).
-8
Let k(q) = -q**3 + 5*q**2 + 5*q - 4. Suppose 10*r - 4*r - 30 = 0. Give k(r).
21
Let q(x) = -5*x**3 - 5*x**2 - x + 3. Let b(f) = 11*f**3 + 10*f**2 + 3*f - 7. Let r(m) = -6*b(m) - 13*q(m). Let v = -9 + 13. Give r(v).
-1
Let z(b) be the second derivative of -b**4/12 + 7*b**3/6 - 7*b**2/2 - 35*b. What is z(6)?
-1
Let y(l) = 12*l - 15. Let w(u) = 4*u - 5. Let t(j) = 8*w(j) - 3*y(j). Determine t(4).
-11
Suppose s = 1, 0*s = -2*d + 2*s + 4. Let u(l) = d*l - 1 + 3*l - l. Give u(1).
4
Let t(c) = -7*c + 6. Let a(g) = 10*g - 9. Let f(x) = 5*a(x) + 7*t(x). Suppose 12 = 2*z + 2. Give f(z).
2
Let w(b) = 5*b + 1. Let q(k) = 2*k - 9. Let u be q(6). Let l(d) = d + 3*d + u - 1 + 2*d. Let h(s) = -4*l(s) + 5*w(s). Calculate h(2).
-1
Let y(o) = 6*o**3 - o. Let k = 13 + -7. Let v be 2*(-3)/(-2) + k. Suppose 2*t = d, -6*d + 2*d + v = t. Determine y(t).
5
Let z be 32/18 - 6/(-27). Let i be (2 + 1)/(z/(-2)). Let k(u) = -u + 5. Let b(f) = 2*f - 9. Let j(a) = -6*b(a) - 10*k(a). What is j(i)?
10
Let b(o) = 2*o + 2*o + 2 + 5*o - 5*o. Determine b(-3).
-10
Let q(i) = 8*i + 3. Let u(v) = -9*v - 4. Let r(m) = 4*q(m) + 3*u(m). Let n = 10 - 11. Let s be r(n). Let g(d) = -d**3 - 6*d**2 - 5*d - 4. Determine g(s).
-4
Suppose 0*c + 3*f - 6 = 4*c, 2 = 2*c + f. Let j(i) = -7*i**2 + 7*i - 1. Let t(w) = -13*w**2 + 13*w - 1. Let d(m) = 11*j(m) - 6*t(m). Calculate d(c).
-5
Let y(b) = -b**2 - 3*b + 1. Let s(x) = -x - 1. Let l(k) = 6*s(k) - y(k). Let t = -4 + 15. Let u = -6 + t. Give l(u).
3
Let s(c) be the first derivative of -4/3*c**3 + 0*c**2 - 2 + 2*c + 1/4*c**4. Let z be (-2)/((35/10)/(-7)). Give s(z).
2
Let g(r) = -r**2 - 8*r - 3. Suppose -4*i = 47 - 27. What is g(i)?
12
Let v(y) = -y - 11. Let q be v(-15). Let r(s) = 3*s. Determine r(q).
12
Let o(i) be the first derivative of 7*i**3/3 - i**2 - i - 7. What is o(-1)?
8
Let j(i) = -1. Let f(l) = l. Let p(m) = -4*f(m) - j(m). Let y(d) = d**3 + 2*d**2 +